17*u = -1386 + 128. Let d = -299 - -305. Calculate the remainder when u is divided by d.
2
What is the remainder when ((-455)/(-42) + 0)*12 is divided by 46?
38
Let j = -413 - -415. Suppose -5*v + 40 = -2*c - j*c, -2*c = -v + 14. Calculate the remainder when 78 is divided by v.
2
Let q be ((-286)/(-11))/(2/75*3). Suppose 0 = -333*w + q*w + 448. Calculate the remainder when w is divided by 15.
11
Let r = -32928 + 33096. Calculate the remainder when r is divided by 58.
52
Let l = 8037 - 8033. What is the remainder when (-6)/4*6*-1 is divided by l?
1
Let q be 11*5 - (-22 + 26). What is the remainder when (-1156)/q*(-3)/2 is divided by 19?
15
Let g(u) = u**2 + 25*u + 14. Let r be g(-7). Let b = r - -192. Suppose 0 = -18*y + 17*y + b. What is the remainder when y is divided by 28?
24
Let p(j) = -2*j**2 - j. Let u(h) = 5*h**2 + 72*h - 11. Let d(a) = 6*p(a) + u(a). Let l = 6 - 2. Calculate the remainder when d(9) is divided by l.
0
Let v be (9 + 31)/4*(-1)/(-2). Suppose 4 = j - x, 0 = 4*j - v*x - 18 + 3. What is the remainder when 71 is divided by j?
1
Let q be (-50)/(-15) + (-2)/6. Suppose -4*f + q*f - 3 = 0, 6 = a - f. Suppose -3*z = a*z - 168. What is the remainder when 82 is divided by z?
26
Calculate the remainder when (-9)/((-1485)/381795) + 84/77 is divided by 10.
5
Let i be ((-52)/(-20) - 4)*-5. Suppose -5*r = -2*u + 175, 0 = -3*r + i*r - 12. Suppose 0 = f - 0*f - 24. What is the remainder when u is divided by f?
23
Let c(o) = -23*o + 186. Let g be c(8). Suppose -72 = -g*a + 95*p - 94*p, a - 39 = -p. Calculate the remainder when a is divided by 2/(1 + 6/(-7)).
9
Suppose -24*z = -37*z + 208. Calculate the remainder when 1454 is divided by z.
14
Suppose 6*d = d + 840. Let g(j) = -j**3 + 37*j**2 - 310*j + 205. Calculate the remainder when d is divided by g(12).
83
Let f(w) = -w**3 + 3*w**2 + 14*w - 13. Suppose 70*t - 6 = 2*n + 71*t, 3*t - 17 = n. What is the remainder when f(n) is divided by 11?
7
Let h(m) = -12*m + 13. Suppose 4*d - 28 = 3*i, -4*i - 4*d - 12 = -3*d. What is the remainder when 130 is divided by h(i)?
8
Calculate the remainder when (-9)/15*-10 + 249 is divided by 95.
65
Suppose 4*h + 2*n = 2*h - 36, -3*h = 2*n + 54. Let r = 34 + h. What is the remainder when 52 is divided by r?
4
Let w(u) = 3*u**2 + 307*u - 156. What is the remainder when w(-142) is divided by 182?
180
Let z(m) = m**2 + 3*m + 1. Let a be z(0). Let q = 1232 - 1203. Calculate the remainder when q is divided by a + 0 + 120/8.
13
Suppose 0*g - 131 = -5*d - 4*g, -5*g = d - 43. Suppose 5*y - d - 192 = 0. What is the remainder when 171 is divided by y?
42
Let q = 47 + -14. Suppose -3*i = 15, q = 4*l - l - 3*i. Let d = -1 - -17. Calculate the remainder when d is divided by l.
4
Suppose 75*s - 63*s = 2148. Calculate the remainder when s is divided by 18.
17
Let g(t) = t**2 + 4*t + 5. Suppose -z = 27*z - 117*z + 5874. Calculate the remainder when z is divided by g(4).
29
Suppose -3*u = -m + 10, -2*m - 3*u + 14 = -7*u. Calculate the remainder when (1/2 - m)/(3/(-102)) is divided by 10.
7
Suppose 104*o - 49 = 97*o. Suppose -129 = -o*i + 123. What is the remainder when i is divided by 15?
6
Let p = -12304 - -12471. Suppose 4*s = s + 30. What is the remainder when p is divided by s?
7
Let z(b) = 23*b**2 - 79*b + 128. Calculate the remainder when 680 is divided by z(4).
140
Let a(h) = 7*h**2 + 20*h - 24. Let v be a(9). Let d = 1033 - v. What is the remainder when d is divided by 39?
37
Let s(p) = p**2 - p - 8. Let d be s(-10). Let n = 129 - d. What is the remainder when n is divided by 14?
13
Suppose -411*d + 1710 = -406*d. What is the remainder when d is divided by 95?
57
What is the remainder when 506 is divided by (21/14)/(((-55)/50)/(-11))?
11
Suppose 0 = 417*p - 764653 - 224888. Calculate the remainder when p is divided by 145.
53
Let f(l) = -200*l + 1093. Calculate the remainder when 267 is divided by f(5).
81
Let d be 3*(-2)/3 + (5 - 2). What is the remainder when 286 is divided by 5 - -13 - (d + -1)?
16
Suppose 7*m - 663 = 6*m + 3*c, -3*m = -2*c - 1947. What is the remainder when m is divided by 56?
29
Suppose 18*i - 3732 = -564. What is the remainder when 374 is divided by i?
22
Let d = -305 - 165. Let m = d + 496. What is the remainder when 150 is divided by m?
20
Let j = 1550 - -706. Suppose j = 2*z + 4*q, -2*z + 0*q = -2*q - 2250. Calculate the remainder when z is divided by 94.
92
Let a be (0 + 2)*(-3 - (-105)/14). Calculate the remainder when 843/27 - 2/a is divided by 16.
15
Let r be 2*2/24 - 3/18. Suppose -3*z + p + 26 = r, 8 + 0 = 2*z - 3*p. Suppose 5*c - z*c = -120. What is the remainder when 95 is divided by c?
23
Suppose -2*g - 1488 = -5*o, 4*o = -3*g + 655 + 540. Let q = -269 + o. Calculate the remainder when 202 is divided by q.
28
Calculate the remainder when 330/(-385) + 4374/7 is divided by 130.
104
Let x = 59 + -13. Let w = -36 + x. Calculate the remainder when 41 is divided by w.
1
Suppose -628 = -5*k - 28. Let q = 24 + -10. What is the remainder when k is divided by q?
8
Let x(q) = 2*q**2 - 167*q - 416. What is the remainder when 9546 is divided by x(86)?
12
Let m be (3 + -14)*((-4 - 2) + 31). Let b = -12 - m. What is the remainder when b is divided by 44?
43
Let y = -641 - -645. Calculate the remainder when 135/6 + (-7)/(-14) is divided by y.
3
Suppose -295 = -5*p - 2*a - 3*a, -205 = -3*p + 4*a. Suppose -2*r + 5*r - 45 = 0. Calculate the remainder when (p/(-28))/(6/(-112)) is divided by r.
12
Let b = 64 - 237. Let u = 100 - b. Suppose -u + 33 = -8*g. Calculate the remainder when g is divided by 13.
4
Calculate the remainder when (-40)/25 + (-9296)/(-35) is divided by 60.
24
Suppose -3*u + 28 + 68 = 0. Let f = u + 25. Let l = 72 - f. Calculate the remainder when 26 is divided by l.
11
Suppose -m + y + 38 = 0, -4*m + 136 = -y - 22. Suppose 254 = -o + 3*w - 30, 2*o = 3*w - 556. Let h = o + 349. What is the remainder when h is divided by m?
37
Let y = -18830 + 18859. What is the remainder when y is divided by 8?
5
Suppose 2*o + 5*j = -140, -3*o - 3*j - 210 = -2*j. Suppose -5 - 387 = 14*f. Let y = f - o. Calculate the remainder when y is divided by 9.
6
Let p be 5/(4 - (4 - 1)). Suppose 12 = 3*n - n - 4*b, -5*b = p*n. Let c(k) = -k**3 - k**2 + 3*k - 3. What is the remainder when c(-3) is divided by n?
0
Suppose 0 = 3*v + 5*b - 2269, 1 = -5*b + 26. Let r = -518 + v. Calculate the remainder when r is divided by 33.
32
Let m = -2308 - -2336. What is the remainder when m is divided by 6?
4
Suppose -348 = -2*u - s, -s + 730 = 3*u + 209. Calculate the remainder when 843 is divided by u.
151
Let k be -6 + -5 + 4 - -2. What is the remainder when (1/k + (-1162)/490)*-77 is divided by 67?
64
Suppose 12*r = 14*r + 84. Suppose -2*j - 1 + 11 = 0. Calculate the remainder when (-20)/(-15)*r/(-8) is divided by j.
2
Let d = -99 - -112. Let h = d - 5. Suppose 2*k - c = c + 214, -2*c = h. Calculate the remainder when k is divided by 28.
19
Let a(j) = 8*j**2 - 26*j - 63. What is the remainder when 3171 is divided by a(6)?
66
Let p = -257 + 402. Let f = p + -115. What is the remainder when 58 is divided by f?
28
Suppose 3*l - 4*r + 1 = 69, -2*l + 34 = 3*r. What is the remainder when 35 is divided by l?
15
Suppose 4*m + 484 = 100. Suppose 0 = -36*d - 2593 - 3455. What is the remainder when (m/21 + 2)*d/9 is divided by 18?
12
Suppose 455 - 224 = 7*d. Suppose -4*m + 21 = o, o - 2*o + 12 = -5*m. Calculate the remainder when d is divided by o.
16
Let d be (-120)/180*(-393)/2. Suppose -11 = 5*p - d. Let o = 16 - 9. What is the remainder when p is divided by o?
3
Let c(z) = 237*z + 4808. Calculate the remainder when 787 is divided by c(-20).
39
Let v(x) = 100*x - 6. Let j be v(1). Suppose 5*l - 234 + j = 0. What is the remainder when 305 is divided by l?
25
Let q(w) = -w**3 + 8*w**2 - 2*w - 19. Let t be q(8). Let o = t + 123. What is the remainder when o is divided by (16 - 10)*(-3)/(-1)?
16
Let i(q) = 3*q**2 + 100*q + 1236. What is the remainder when i(-12) is divided by 461?
7
Let k = 174 - -1388. Calculate the remainder when k is divided by 17.
15
Let p = -19893 - -20042. What is the remainder when 15197 is divided by p?
148
Suppose -2*l - 11 = -123. Let d = -57 + l. Let n(p) = -15*p**3 + p**2 + 3*p + 1. Calculate the remainder when 54 is divided by n(d).
12
Let n = -534 - 